r + 434. Give x(-11).
5
Let v(w) = -2*w**3 - 29*w**2 - 36*w - 686. Calculate v(-15).
79
Let z(v) = 21*v**3 + 3*v**2 - 21*v + 1. Determine z(3).
532
Let d(y) = -424*y + 5929. Calculate d(14).
-7
Let v(f) = 5*f**2 + 414*f - 1736. Give v(4).
0
Let k(x) = 95*x + 231. Determine k(-8).
-529
Let k(x) = -436*x + 1746. What is k(4)?
2
Let k(b) = -3*b**2 - 4*b + 1. Calculate k(3).
-38
Let k(h) = -46*h + 107. Determine k(-3).
245
Let b(j) = j**3 + 16*j**2 - 255*j + 144. What is b(-26)?
14
Let t(v) = -21*v**2 + 13*v + 152. Calculate t(-7).
-968
Let i(n) = 4*n**3 - 134*n**2 + 69*n - 77. Calculate i(33).
22
Let t(l) = l**2 + 50*l + 171. Determine t(-39).
-258
Let w(r) = -19*r - 18. Determine w(-7).
115
Let d(v) = -59*v + 5. What is d(-1)?
64
Let t(c) = -253*c - 714. Calculate t(-3).
45
Let x(d) = 176*d + 6. Calculate x(1).
182
Let w(l) = 2*l**3 - 29*l**2 + 48*l - 35. Give w(13).
82
Let n(m) = 53*m + 3097. What is n(-60)?
-83
Let z(a) = -a**3 - 2*a**2 - 3*a + 5. Determine z(0).
5
Let x(g) = -2*g**2 + 131*g - 1537. Give x(49).
80
Let t(r) = -r**3 - 3*r**2 - 7*r + 9. Determine t(3).
-66
Let g(z) = -1712*z + 35948. Give g(21).
-4
Let l(r) = r**2 + 404*r + 19520. What is l(-56)?
32
Let z(i) = 1297*i + 7786. Give z(-6).
4
Let l(s) = 58*s - 1393. Calculate l(24).
-1
Let h(c) = 595*c - 11899. Give h(20).
1
Let r(i) = -110*i - 3516. Give r(-32).
4
Let h(n) = -1257*n + 2517. What is h(2)?
3
Let o(g) = g**3 + 6*g**2 + 24*g + 213. Determine o(-7).
-4
Let j(v) = -v**3 - 6*v**2 + 22*v - 41. Determine j(2).
-29
Let f(m) = -174*m + 13119. What is f(75)?
69
Let t(c) = 3*c**3 + 4*c**2 + 4*c - 5. Determine t(2).
43
Let u(t) = 92*t - 2630. Calculate u(31).
222
Let v(m) = m**3 + 105*m**2 + 215*m + 939. What is v(-103)?
12
Let l(x) = -x**2 + 6113*x + 36708. What is l(-6)?
-6
Let b(w) = w**3 - 10*w**2 - w + 73. What is b(9)?
-17
Let k(f) = -7267*f - 21780. Give k(-3).
21
Let m(y) = 2*y**3 - 77*y**2 + 501*y - 14435. Calculate m(37).
-5
Let q(j) = 10*j + 553. Calculate q(-54).
13
Let n(s) = -25*s**3 + 3*s**2 - s - 2. What is n(-1)?
27
Let b(p) = -47*p + 1844. Calculate b(39).
11
Let n(k) = k**3 - 19*k**2 + 67*k + 163. Determine n(8).
-5
Let t(o) = o**2 + 62*o + 187. Calculate t(-61).
126
Let l(v) = -253*v + 2262. Give l(8).
238
Let c(o) = 37*o - 1452. Determine c(40).
28
Let r(j) = 98*j - 5296. What is r(54)?
-4
Let g(m) = -4*m**3 - 16*m**2 + 5*m + 22. Give g(-4).
2
Let j(u) = 5*u**3 + 10*u**2 + 4*u + 16. Give j(-5).
-379
Let q(b) = -351*b - 1376. What is q(-4)?
28
Let k(d) = -14*d**3 - 2*d**2 + 14*d - 26. Give k(2).
-118
Let j(g) = g**3 - 9*g**2 - 148*g - 337. What is j(-3)?
-1
Let t(i) = -i**3 + 28*i**2 + 27*i - 10. Calculate t(29).
-68
Let s(k) = -2*k**2 - 153*k + 1544. Give s(9).
5
Let i(z) = 15*z - 1331. Give i(88).
-11
Let n(p) = -p**3 - 22*p**2 + 153*p + 479. Calculate n(-27).
-7
Let q(t) = 2*t**3 - 4*t**2 - 144*t + 569. Determine q(4).
57
Let c(d) = 809*d - 46901. What is c(58)?
21
Let w(d) = -190*d**3 - d**2 + d - 2. Give w(1).
-192
Let d(o) = 11*o**3 + 2*o**2 - 10*o + 8. What is d(1)?
11
Let j(y) = -13*y + 763. Give j(60).
-17
Let j(o) = 315*o - 63284. Determine j(201).
31
Let w(y) = 3*y**2 + 22*y + 64. Give w(-10).
144
Let q(g) = -37*g - 8. Calculate q(0).
-8
Let l(m) = m**3 - 5*m**2 - 88. What is l(7)?
10
Let n(g) = 38*g + 174. Give n(-9).
-168
Let o(v) = 47*v + 589. Determine o(-10).
119
Let n(z) = -z**3 - 6*z**2 + 131*z + 685. Give n(-5).
5
Let q(y) = y**3 - 9*y**2 - 26*y + 195. Determine q(9).
-39
Let s(w) = 18*w**2 - 9*w + 5. What is s(-4)?
329
Let w(s) = 41*s**3 - 4*s**2 + 14*s + 19. Calculate w(-1).
-40
Let f(s) = 978*s + 9776. Determine f(-10).
-4
Let c(w) = -w**3 + 15*w**2 + 36*w - 49. What is c(17)?
-15
Let n(b) = -b**3 - 391*b**2 + 5255*b + 1212. Determine n(-404).
0
Let f(z) = -2*z**2 + 173*z - 1667. Determine f(11).
-6
Let a(f) = -121*f - 1658. What is a(-14)?
36
Let j(u) = -u**3 + 3*u**2 + 103*u + 2. Give j(12).
-58
Let d(o) = 2*o**2 + 4*o - 51. Calculate d(4).
-3
Let k(u) = -43*u**2 - 298*u + 10. Calculate k(-7).
-11
Let q(i) = -i**3 + 39*i**2 + 34*i - 20. Determine q(40).
-260
Let u(r) = -4*r**3 + 339*r**2 + 86*r - 90. Determine u(85).
-5
Let m(h) = 36*h + 1349. Determine m(-38).
-19
Let v(d) = -61*d - 6035. Give v(-98).
-57
Let s(t) = 218*t - 817. Determine s(4).
55
Let d(m) = 135*m + 393. What is d(-3)?
-12
Let r(c) = -33*c**2 - 61*c - 60. What is r(-1)?
-32
Let j(g) = g**2 - 26*g - 372. Give j(35).
-57
Let w(n) = 21*n + 385. Calculate w(0).
385
Let d(i) = -5*i**3 + 94*i**2 + 13*i - 54. Give d(19).
-168
Let m(k) = -2201*k - 28603. Determine m(-13).
10
Let m(s) = 23*s - 6936. What is m(302)?
10
Let p(m) = -m**2 + 2225*m - 6. Calculate p(0).
-6
Let d(v) = v**3 + 104*v**2 - 80*v - 8319. Calculate d(-104).
1
Let r(d) = -32*d**2 - 5*d + 14. Calculate r(2).
-124
Let n(d) = -5*d + 322. Give n(29).
177
Let o(y) = -y**3 + 30*y**2 + 167*y - 42. Give o(-5).
-2
Let g(x) = x**3 + 18*x**2 + 40*x - 70. Determine g(-15).
5
Let r(n) = 67*n - 52. Calculate r(1).
15
Let a(i) = 2*i**2 + 66*i + 130. Determine a(-31).
6
Let b(c) = -33*c - 1144. Give b(-35).
11
Let z(o) = -24*o**2 - 15*o - 58. What is z(-3)?
-229
Let c(t) = -83*t + 34. Determine c(2).
-132
Let h(j) = -j**3 - 17*j**2 - 44*j + 27. What is h(-13)?
-77
Let x(b) = 32*b + 392. What is x(-21)?
-280
Let n(z) = -z**3 + 3*z**2 - 7*z + 37. Determine n(5).
-48
Let f(q) = -2*q**2 + 41*q + 444. Calculate f(29).
-49
Let h(r) = 31*r**3 + 14*r**2 + 11*r - 3. Calculate h(-1).
-31
Let k(p) = 4*p**3 - 16*p**2 + 11*p - 27. Calculate k(6).
327
Let z(x) = x**3 - 11*x**2 + 31*x - 30. Calculate z(12).
486
Let h(x) = -20*x + 462. Calculate h(23).
2
Let t(z) = -12*z**3 - 11*z**2 + 27*z + 3. What is t(3)?
-339
Let l(f) = -2*f**3 - 13*f**2 + 15*f + 25. Determine l(-8).
97
Let f(p) = 10*p - 1. Calculate f(-3).
-31
Let m(u) = u**3 + 34*u**2 - 436*u - 39. Give m(10).
1
Let l(i) = -i**2 + 23*i + 35. Give l(-6).
-139
Let p(f) = -f**2 - 8*f - 76. What is p(-12)?
-124
Let q(b) = b**3 + 6*b**2 - 11*b + 78. What is q(-8)?
38
Let d(r) = -44*r - 119. Give d(-3).
13
Let q(c) = -15*c**3 + 4*c**2 - 16*c. What is q(3)?
-417
Let h(u) = u**3 + 24*u**2 - 60*u + 97. Determine h(-27).
-470
Let h(t) = 95*t**2 - 8552*t + 184. Determine h(90).
4
Let w(j) = j**3 + 71*j**2 - 10*j - 183. Calculate w(-71).
527
Let p(s) = -9*s**3 + 4*s**2 - 9*s - 24. Calculate p(-3).
282
Let b(j) = 2*j**2 + 10*j + 25. What is b(-5)?
25
Let c(q) = -1172*q - 2305. What is c(-2)?
39
Let n(h) = 3*h**3 - 16*h**2 + 15*h - 11. Give n(8).
621
Let j(i) = -90*i - 62. Determine j(-2).
118
Let s(v) = v**3 + 12*v**2 + 52*v + 87. What is s(-6)?
-9
Let y(t) = -2*t**3 + 8*t**2 - 3*t - 3. Calculate y(0).
-3
Let j(h) = -h**2 - 28*h - 110. Give j(-33).
-275
Let o(k) = 72*k + 543. Calculate o(-7).
39
Let i(y) = y**3 - 36*y**2 - 37*y + 7. What is i(37)?
7
Let j(y) = -2*y**2 + 26*y + 1024. Calculate j(30).
4
Let i(w) = -140*w - 4913. Determine i(-35).
-13
Let g(n) = 2*n**3 - 451*n**2 + 2420*n - 14. Calculate g(220).
-14
Let r(l) = -l**2 - 36*l + 443. Determine r(-46).
-17
Let z(d) = d**2 - 31*d + 5. Determine z(31).
5
Let l(a) = -3*a**3 + 26*a**2 - 59*a + 336. Give l(8).
-8
Let p(b) = -b**3 - 78*b**2 - 1523*b - 121. Calculate p(-40).
-1
Let u(l) = l**3 - 2*l**2 + 11*l - 54. Give u(4).
22
Let x(s) = 14*s - 15. Give x(10).
125
Let f(x) = x**3 - 59*x**2 + 105*x + 568. Give f(57).
55
Let s(o) = -2*o**3 + 58*o**2 - 221*o - 456. Give s(24).
0
Let p(g) = -133*g**2 - 5579*g + 298. Calculate p(-42).
4
Let s(r) = r**3 + 18*r**2 - 23*r - 31. Calculate s(-19).
45
Let m(y) = -y**2 + 10*y - 3. Calculate m(0).
-3
Let s(c) = 1144*c - 25170. Calculate s(22).
-2
Let f(y) = -y**3 + 37*y**2 - 69*y - 34. Give f(35).
1
Let u(q) = 659*q + 654. What is u(-1)?
-5
Let c(p) = -5*p**3 - 3*p**2 + 13*p - 19. Give c(3).
-142
Let w(n) = n**2 - 152*n - 4035. What is w(-23)?
-10
Let a(y) = -y**3 - 11*y**2 - 18*y - 8. What is a(-10)?
72
Let i(z) = 182*z + 459. Give i(-3).
-87
Let t(c) = c**3 - 7*c**2 - 26*c + 105. Determine t(3).
-9
Let r(p) = 2*p + 121. Determine r(-22).
77
Let t(c) = -c**3 + 6*c**2 - 60*c + 54. What is t(1)?
-1
Let f(m) = -m**3 - 50*m**2 + 69*m + 3462. Give f(-50).
12
Let c(t) = -t - 94. Calculate c(-58).
-36
Let l(j) = 101*j - 3023. Give l(30).
7
Let g(p) = 3*p**3 - 50*p**2 - 21*p + 54. What is g(17)?
-14
Let a(y